2116 (base 12) in base 6?
2144430
Convert 54532152 (base 6) to base 3.
10001210100112
110780 (base 9) to base 10
66249
What is -661c98 (base 14) in base 12?
-11aba3a
Convert -101110000010100100 (base 2) to base 9.
-316613
Convert 1401300403 (base 5) to base 2.
1101100000011011111000
-125100025 (base 6) to base 2
-1001011101100110110001
What is 499a712 (base 11) in base 10?
8681642
What is -2b5520 (base 16) in base 15?
-3b167a
Convert -22302123310 (base 4) to base 9.
-5280274
What is -1170a85 (base 12) in base 11?
-19aa63a
164243 (base 10) to base 11
102442
Convert 793b1 (base 14) to base 6.
10150423
What is 18103 (base 12) in base 11?
24092
What is -1351c4 (base 13) in base 8?
-1622502
What is 1010011000001000000001 (base 2) in base 9?
5105437
Convert 1313142133 (base 5) to base 6.
153441410
What is -422644 (base 7) in base 15?
-16997
Convert 23256623 (base 7) to base 15.
2a6c4b
Convert 42721353 (base 8) to base 10.
9151211
-122485 (base 13) to base 8
-1516672
Convert -b224b (base 12) to base 14.
-60723
What is -b267 (base 12) in base 14?
-70bd
Convert 110012223223 (base 4) to base 9.
10822374
What is 2443598 (base 10) in base 9?
4533878
What is 54180 (base 10) in base 16?
d3a4
Convert -16057053 (base 9) to base 15.
-a83316
Convert 12522505 (base 6) to base 8.
1453151
-115745 (base 9) to base 13
-25a51
Convert -88d0 (base 16) to base 6.
-430052
-460b602 (base 12) to base 4
-303111112202
Convert 57be0 (base 16) to base 15.
71747
213043120 (base 5) to base 6
31253024
What is 14004431 (base 5) in base 12?
698a1
What is 195837 (base 13) in base 5?
131000400
What is -818051 (base 12) in base 4?
-13232130331
What is -11101352 (base 6) in base 15?
-6929e
What is 4214323 (base 5) in base 2?
10001000101001011
Convert -20224412 (base 5) to base 7.
-1253114
What is -603ac (base 13) in base 5?
-21001030
Convert -110101100110110111 (base 2) to base 3.
-102011012102
Convert -11012202222 (base 3) to base 6.
-1435555
What is 12001122111 (base 3) in base 11?
68930
What is 260be (base 16) in base 9?
256683
19784d (base 16) to base 12
685b79
Convert 101101220221110 (base 3) to base 4.
111011331033
Convert -3850077 (base 10) to base 14.
-723137
Convert 15794 (base 10) to base 8.
36662
55751 (base 11) to base 9
132706
-255b51 (base 15) to base 16
-1b5545
Convert -11110111110101001 (base 2) to base 7.
-1035640
10110102200 (base 3) to base 4
100220100
268123 (base 10) to base 15
5469d
-10020000100 (base 3) to base 11
-43726
What is 323455 (base 8) in base 10?
108333
-3c68a4 (base 14) to base 16
-1fee60
What is -2cee1 (base 15) in base 8?
-433327
What is 1211221212212 (base 3) in base 11?
611882
211402212 (base 5) to base 8
3305777
What is 11db12 (base 15) in base 5?
204400432
-1ba7393 (base 13) to base 8
-43111350
What is 2d4dc6 (base 14) in base 16?
183e12
What is -12220102221 (base 3) in base 15?
-2468d
What is 44038 (base 10) in base 12?
2159a
Convert 1111341220 (base 5) to base 11.
1423433
Convert -a1d (base 15) to base 11.
-1791
Convert -11100000101011111101 (base 2) to base 15.
-132a47
-51626c (base 14) to base 4
-22132002220
Convert 45828 (base 15) to base 8.
660035
What is 10204335 (base 6) in base 12?
1236ab
-6ac3a (base 14) to base 6
-5325140
Convert -403442 (base 8) to base 10.
-132898
What is 3031466 (base 7) in base 2?
1011000000100100001
Convert -650838 (base 16) to base 9.
-13411563
What is 305051345 (base 6) in base 3?
100221012101002
-a45349 (base 14) to base 11
-3149000
Convert -1860524 (base 9) to base 15.
-159351
-55654 (base 8) to base 2
-101101110101100
-331336 (base 8) to base 10
-111326
Convert 133b1 (base 15) to base 9.
103434
Convert 19768 (base 11) to base 13.
c6c7
What is -3eaf17 (base 16) in base 7?
-46626560
What is -2655e (base 15) in base 11?
-84219
-204141401 (base 5) to base 12
-34b801
-12033132303 (base 4) to base 2
-110001111011110110011
Convert -86409 (base 12) to base 6.
-3442413
1416329 (base 14) to base 2
100101001001000010010001
What is -25c6f (base 16) in base 6?
-3152211
-84810a (base 13) to base 10
-3102343
What is -494b (base 15) in base 6?
-200112
What is -19b523 (base 12) in base 14?
-bbc71
Convert -15a414 (base 13) to base 9.
-1007261
-1000110000100011001 (base 2) to base 8
-1060431
Convert -103348 (base 15) to base 9.
-1403515
What is -2300102113 (base 4) in base 8?
-2602227
Convert 12034340101 (base 5) to base 4.
311111033223
Convert 123092 (base 14) to base 3.
1011122121200
What is -3ca474 (base 15) in base 10?
-2920384
What is 1101201011102 (base 3) in base 12?
2b9655
651562 (base 7) to base 12
55807
What is -513445322 (base 6) in base 16?
-871fb2
2000102211 (base 3) to base 5
2232220
-2433051 (base 6) to base 13
-4692a
Convert -110102222002 (base 3) to base 4.
-323302313
-1512227 (base 8) to base 3
-210220120102
What is -187340 (base 12) in base 4?
-1220110200
768b0 (base 13) to base 9
356338
What is -8387 (base 10) in base 5?
-232022
Convert -27964 (base 14) to base 16.
-17e64
What is 1120200331 (base 4) in base 2?
1011000100000111101
66577 (base 14) to base 4
330203231
-1145c9 (base 13) to base 9
-683838
1010001100111001000101 (base 2) to base 3
12000212101010
Convert 1e8a80 (base 16) to base 3.
10202200120222
What is 1101011001110011100111 (base 2) in base 14?
676659
103032120 (base 4) to base 6
1404320
Convert -175a11 (base 11) to base 7.
-2210204
319481 (base 11) to base 7
4223614
Convert -2528d (base 16) to base 8.
-451215
Convert -13431125 (base 7) to base 10.
-1251332
Convert -11130878 (base 9) to base 4.
-110210313011
Convert 63aa3 (base 13) to base 9.
303545
Convert 273457 (base 8) to base 10.
96047
What is -4446324 (base 7) in base 2?
-10000110001100010011
Convert -13451235 (base 6) to base 5.
-104122144
What is -30596 (base 12) in base 10?
-63042
What is 465538 (base 9) in base 10?
279647
Convert -21530234 (base 7) to base 9.
-3438068
1566116 (base 7) to base 4
311101202
What is -2bc4a9 (base 13) in base 11?
-680417
What is 1162572 (base 8) in base 5?
40232030
Convert -50b87 (base 13) to base 10.
-144775
-42388 (base 9) to base 12
-14275
653603 (base 7) to base 3
12210121122
What is -11010011100101011 (base 2) in base 10?
-108331
What is 22243312 (base 5) in base 7?
1446330
Convert -472243 (base 10) to base 2.
-1110011010010110011
Convert -11312010031 (base 4) to base 13.
-418516
2416243 (base 10) to base 3
11112202110111
What is -106062 (base 12) in base 11?
-167884
Convert -12010342 (base 5) to base 4.
-122320101
Convert 1410a14 (base 13) to base 2.
11000001100011001101001
Convert 11001010001001000011001 (base 2) to base 15.
8ac8e9
Convert 10204671 (base 8) to base 5.
1023241202
Convert -627274 (base 9) to base 3.
-200221022111
Convert -194a14 (base 12) to base 15.
-8b784
Convert -2014241341 (base 5) to base 10.
-4055846
-1178581 (base 9) to base 10
-642727
What is 55b6 (base 15) in base 2?
100011011111011
-4038 (base 10) to base 5
-112123
-5376141 (base 9) to base 12
-b71517
-122120012102210 (base 3) to base 6
-532015333
-1021212022001 (base 3) to base 11
-429614
Convert -10010110201 (base 3) to base 12.
-2b777
What is -17388d (base 15) in base 8?
-4226660
Convert 218060 (base 13) to base 3.
1111002000212
Convert 82ba4 (base 15) to base 11.
263369
320525 (base 7) to base 3
2211010002
Convert 76a577 (base 13) to base 9.
5226650
Convert 322330113 (base 4) to base 16.
3af17
What is -313000102 (base 4) in base 9?
-373041
Convert 344640 (base 8) to base 10.
117152
What is 582642 (base 9) in base 4?
1111120103
-126a7a (base 11) to base 14
-52a64
What is -a76b8 (base 14) in base 5?
-100422311
What is 260582 (base 9) in base 10?
157943
Convert -1b4542 (base 14) to base 3.
-1211101220100
14a35 (base 13) to base 9
58545
-946293 (base 10) to base 3
-1210002001220
What is -3004427 (base 9) in base 4?
-12012002110
-1113231403 (base 5) to base 14
-486a3d
Convert 100010010100101111 (base 2) to base 9.
233762
Convert 2877104 (base 9) to base 12.
646071
-1110100101001101100 (base 2) to base 16
-74a6c
5896 (base 12) to base 5
304111
417787 (base 10) to base 12
181937
-10110010011011011000010 (base 2) to base 5
-2444043342
48831 (base 14) to base 7
1335461
What is -14311111 (base 5) in base 14?
-3cd41
-646236 (base 7) to base 15
-23589
1618 (base 11) to base 8
4034
Convert -160065 (base 13) to base 7.
-4420224
Co